 prime factors of y?
7
What are the prime factors of (-411)/(-4) + (4 - 133/28)?
2, 3, 17
Let x be (-20)/(-8)*8/(-1). Suppose q = -k + 33, k - q - 36 = q. Let c = x + k. List the prime factors of c.
2, 7
What are the prime factors of 471*(2 - 20/12)?
157
Suppose -7*i - 12 = -9*i. What are the prime factors of i?
2, 3
Let j be (-3)/12 - 1/(-4). Suppose 4*g + 3*t - 111 = -j*g, 5*g = t + 115. What are the prime factors of g?
2, 3
Suppose -u = -2*m + 21, 5*m - 28 - 17 = u. Let x = -6 + m. What are the prime factors of x?
2
Suppose -2*t = t. Suppose 0 = -t*d + d - 10. What are the prime factors of d?
2, 5
Let x be 2/(-4)*(-11 + 3). Suppose x*i + 2*p - p - 27 = 0, 0 = -i - 2*p + 12. List the prime factors of i.
2, 3
Let o(y) = y**2 - y + 7. What are the prime factors of o(-5)?
37
Let l = -29 - -71. List the prime factors of l.
2, 3, 7
Suppose -3*k + 0*k = 0. Suppose 5*z - 14 + 4 = k. What are the prime factors of z?
2
Suppose -2*w = 5*w - 630. What are the prime factors of w?
2, 3, 5
Suppose -5*a + 168 = -9*a. Let h be ((-44)/(-33))/((-2)/a). Suppose v = 3*v - h. What are the prime factors of v?
2, 7
Let v(o) = o**2 - 3*o - 3. Let x be v(3). Suppose 0 = -3*h + 17 + 4. Let r = x + h. List the prime factors of r.
2
Suppose 0 = -2*p + 1 + 5. Suppose -p*f = -2*f - 15. Let r = f + -11. What are the prime factors of r?
2
Let v = 456 - 195. What are the prime factors of v?
3, 29
Let d(m) = m**2 + 4*m - 2. Let i be d(-5). Let f(w) = 5*w**2 + 4*w**3 - 2*w**i - w - 3 - w**3. What are the prime factors of f(-5)?
2
Let q = -15 + 29. List the prime factors of q.
2, 7
Let u be 3 - (-2 - -8)/3. Let h(b) = -b**3 + 5*b**2 + 8*b + 4. Let j be h(6). Let p = j + u. List the prime factors of p.
17
Let s = 31 + -65. Let p = -26 - s. List the prime factors of p.
2
Let o(x) = -11*x - 6. What are the prime factors of o(-2)?
2
Suppose -3*y = -2*y + 5, 16 = 2*l + 2*y. Let s = 9 + l. List the prime factors of s.
2, 11
Let b be (-1266)/(-12) - 1/2. Suppose 0 = -5*u + 3*u + 70. Suppose u = -5*k + b. List the prime factors of k.
2, 7
Let r = -5 - -8. Suppose 2 = -w + a, -4*w - r*a - 18 = w. Let d(b) = -3*b + 1. What are the prime factors of d(w)?
2, 5
Let a(r) = r**2 - r - 5. Let s(t) = -t**2 + 2*t + 6. Let k(l) = -3*a(l) - 2*s(l). List the prime factors of k(0).
3
Suppose 0 = -5*c + g + 215, 5*c + 7*g = 2*g + 215. What are the prime factors of c?
43
Let f(w) = 2*w + 5. Let r be f(-3). What are the prime factors of (1/r)/(4/(-64))?
2
Let f = 128 + -67. What are the prime factors of f?
61
Suppose 4*u - 29 = -3*l, l + 33 = 3*u + u. What are the prime factors of u?
2
Let s(w) = -w**3 - 6*w**2 - 3*w - 6. Let h be s(-5). Let n = 28 + h. Suppose -u + n = -0. List the prime factors of u.
2, 3
Suppose -2*d - 2*s + 54 = 2*d, -3*d = -2*s - 44. Suppose 5*l = 3*l + d. What are the prime factors of l?
7
Suppose -2*c = 3*c + 4*l - 152, 0 = -4*l - 8. List the prime factors of c.
2
Suppose -2*o + 5*o = -81. Let f = -15 - o. List the prime factors of f.
2, 3
Suppose 2*v - 8 = -3*u, 0 = 5*u - u - v - 18. Suppose 0 = -5*i + 11 + u. List the prime factors of i.
3
List the prime factors of ((-200)/(2 + -6))/((-1)/(-2)).
2, 5
Let z(h) = 164*h - 2. List the prime factors of z(1).
2, 3
Let j = 36 - 22. List the prime factors of (8/3)/(j/147).
2, 7
Let b(j) = j + 17. What are the prime factors of b(0)?
17
List the prime factors of (-8272)/(-36) - (-16)/72.
2, 5, 23
Suppose -14 = -3*w + c - 5, -4*w - 1 = 3*c. Let d be (-4)/(3/(-9)*w). Let v = d - 4. List the prime factors of v.
2
Let k be (-58)/((15/6)/5). What are the prime factors of k/(-12) - (-2)/(-3)?
3
Let n = -10 + 8. List the prime factors of (-5)/((-25)/n)*-45.
2, 3
Let q be 29/4 + 3/(-12). Let h(r) = -r**2 + 8*r + 5. List the prime factors of h(q).
2, 3
List the prime factors of (4/18 - 44/36) + 82.
3
What are the prime factors of -190*(-2)/4*1?
5, 19
Suppose 168 = -2*y + 6*y. List the prime factors of y.
2, 3, 7
Suppose -2*j = -8 + 46. Let m = j - -30. List the prime factors of m.
11
Let n(k) = -k - 6. Let s be n(-6). Suppose -2*z + 8 = -3*m + 2*z, s = -5*m + 5*z - 5. What are the prime factors of m?
2
Let z(r) = -2*r - 10. What are the prime factors of z(-13)?
2
Let v(p) = p**3 - 11*p**2 + 14*p - 4. What are the prime factors of v(10)?
2, 3
Suppose 3*c - 4*l = -0*c + 26, 0 = -5*l - 25. What are the prime factors of c/9 + 302/18?
17
Let o = 140 + -48. Suppose -o = -5*b + b. Let x = b - 14. List the prime factors of x.
3
Suppose -3*y - 5*j = -15, -4*j - 2 = 2*y - 14. Suppose -3*u - 12 = 0, y = v - 0*v + u - 7. List the prime factors of v.
11
Suppose 0 = -5*u + t + 49, 0 = 2*t - 0 - 2. Suppose -4*s + 49 + 7 = 4*w, u = -5*w. What are the prime factors of s?
2
Let r(h) = 2*h**2 - 5*h + 3. Let d be r(4). Suppose -6 = 5*p + 19, -d = 5*u + 5*p. What are the prime factors of u?
2
Suppose 0 = 5*d - 4*i - 630, -i = 2*d + 2*i - 275. What are the prime factors of d?
2, 5, 13
Let p(k) = -k**2 - 9*k - 6. List the prime factors of p(-6).
2, 3
Let i(d) be the third derivative of 0 - 1/6*d**4 + 2/3*d**3 + 2*d**2 + 0*d. What are the prime factors of i(-3)?
2
Suppose 0 = 3*r - 0*r - 7518. Let w be r/63 + 4/18. Suppose -4*f = -2*k - w, -5*f + f - k = -46. What are the prime factors of f?
11
Let f = 6 - 4. Suppose f*u = 4*u - 14. What are the prime factors of u?
7
Let s be 2/(-6)*18/3. What are the prime factors of 1/2*(-28)/s?
7
What are the prime factors of (-7 - -4)/(9/(-168))?
2, 7
Let z(s) = -2*s**2 - 5 - s**3 + s + 0 + 10*s**2. Let h = 22 - 14. List the prime factors of z(h).
3
Let i(m) = 7*m**2 - 9*m + 28. What are the prime factors of i(7)?
2, 7, 11
Let k be ((-3)/(-9))/((-2)/(-42)). Let h = 19 - k. Suppose -5*r = 4*u - 66, -3*u - h + 44 = 2*r. List the prime factors of r.
2, 5
Suppose -f - 3*r - 2*r + 310 = 0, 5*f + 4*r - 1592 = 0. List the prime factors of f.
2, 5
Let c = -83 - -156. What are the prime factors of c?
73
Suppose 4*s = 3*o + 17, 5*o - o - 2*s = -6. Suppose 4*n = -o + 9. List the prime factors of n.
2
List the prime factors of (-3)/1 + 3 + 9.
3
Suppose -4*y - 5*i + 1065 = 0, -23*y + 21*y + 3*i = -549. What are the prime factors of y?
2, 3, 5
Let r(a) = 3*a**2 - 14*a - 8. Let w(l) = -7*l**2 + 29*l + 17. Let b(y) = 9*r(y) + 4*w(y). List the prime factors of b(-4).
2, 5
Suppose -3 - 6 = -3*j. List the prime factors of j.
3
Let x = 7 - 3. Suppose 0 = -3*t + 5*t - x. Suppose 0 = 2*j - g - 22, -j - g + 16 - t = 0. What are the prime factors of j?
2, 3
Let h(k) be the second derivative of k**4/6 - k**3 + 3*k**2 + 2*k. What are the prime factors of h(4)?
2, 7
List the prime factors of (348/(-3))/((-2)/1).
2, 29
Let i = -3 - 1. Let v = 1 - i. List the prime factors of v.
5
Suppose -f + 3*f = 12. Suppose 0 = 2*n - 0 - f. List the prime factors of (34/(-8))/(n/(-12)).
17
Suppose -5*l = -2*a + 6, -2*l + 5 = -3*a + 3. What are the prime factors of 2/(4/(-3))*a?
3
Let o be 0/(-1) + (6 - 1). Suppose 39 = 5*i + p, -38 = -o*i - 4*p + 13. What are the prime factors of i?
7
Suppose -y + 3*b = 3, -5*y + 39 = 4*b + 16. Suppose 10 + 35 = y*d. List the prime factors of d.
3, 5
Let j be ((-4)/12)/(1/(-21)). Let c(d) = d - 4. Let s be c(j). Suppose s = -3*u + 4*u. What are the prime factors of u?
3
Let a = 12 + -7. Suppose l - f = -2*f + a, -f = -4*l + 5. What are the prime factors of l?
2
Let n(x) = x**2 + 3 + 11 - 10 - 4*x. List the prime factors of n(-4).
2, 3
Let f(t) be the second derivative of 0 + t**4 + 0*t**2 + 2*t + 1/6*t**3. List the prime factors of f(-1).
11
Let z = 2 - -36. List the prime factors of z.
2, 19
Let y = -74 - -115. Let j = y - -13. Suppose -11 - j = -5*v. List the prime factors of v.
13
Let d(v) = 62*v**2 - 6*v - 5. List the prime factors of d(-1).
3, 7
Let h(y) = y - 14. Let d be h(15). Let w = d - -12. List the prime factors of w.
13
Let u(a) = -3*a + 5. Let g be (1/2)/(1/2). Let p(s) = -s. Let h(k) = g*u(k) - 2*p(k). What are the prime factors of h(0)?
5
Let v = 1 + 1. Suppose -v*h = -3*h + 7. Suppose -h = 3*d - 4*d. List the prime factors of d.
7
Suppose 2*v = -2*d + 268, -2 = -d - 0. What are the prime factors of v?
2, 3, 11
Suppose 2*c - 83 = 3. What are the prime factors of c?
43
Suppose -2*i = -10*i + 240. What are the prime factors of i?
2, 3, 5
What are the prime factors of 966/10 - 2/(-5)?
97
Let b(d) = -d**3 - 2*d**2 - 2*d. 